s(a) = -1128*a**2 + 15*a - 89 - 10*a + 14*a + 1127*a**2. Determine s(12).
-5
Let n(w) = -2*w - 5647 - 2*w + 5657. Give n(6).
-14
Suppose -60*o + 58*o + 2*k - 14 = 0, 4 = 4*k. Let p(u) = 10*u + 16. Give p(o).
-44
Let m be (-25)/(-3) + 2/(-6). Let a(k) be the first derivative of -k**2 - 11*k - 88283. What is a(m)?
-27
Let z(r) = r**3 - 11*r**2 + 31*r - 1. Let t be z(5). Suppose -x - x - q = -3, 21 = t*x - q. Let m(s) = 2*s - 9. What is m(x)?
-1
Suppose 286 = 16*p + 267 + 339. Let r(t) = -2*t**2 - 45*t - 107. Determine r(p).
-7
Let g be (-820)/70 - -12 - 58/7. Suppose 4*s - 6*s = -10. Let a(m) = 6 + 9*m + 4*m**2 + 6 - 3*m**3 + 4*m**3 + s*m**2. What is a(g)?
4
Let b(v) = v**3 - 9*v**2 + v. Let j = 266 - 265. Let q be 5 - (-4 + j + -4) - 3. What is b(q)?
9
Let h(s) = 5*s + 69. Let t be h(-13). Suppose -2*b - 5*z - 25 = 0, b + 14 = z - t*z. Let k(y) = y**2 + 4*y - 5. What is k(b)?
0
Let n(p) be the second derivative of -p**4/12 - 4*p**3/3 - 3*p**2/2 - 2*p - 1276. Suppose s + s + 5*v + 39 = 0, 0 = -5*s + 4*v - 15. Give n(s).
4
Let c(a) = 72*a**2 + 23*a + 51. Let w(k) = 33*k**2 + 11*k + 25. Let i(l) = 6*c(l) - 13*w(l). What is i(4)?
9
Let u(f) be the third derivative of -f**5/60 - f**4/6 - 2*f**3/3 - 1251*f**2. Calculate u(-5).
-9
Suppose -v = 4*t - 691, -v + 3*t - 28 = -754. Let p = v + -709. Let q(o) = 9*o**2 + o. Calculate q(p).
38
Let o(f) be the second derivative of f**5/20 - f**4/3 - f**3/6 - 202*f + 136. Suppose -11 = -2*w + 7. Let m = w + -5. Determine o(m).
-4
Let l(o) be the first derivative of -7/2*o**2 - 125 - 4*o - 1/3*o**3. Determine l(-5).
6
Let h be -1*(6/1 + 1). Let i(u) = 2*u**2 + 2*u + 2. Let p(j) = 17*j**2 + 12*j + 14. Let c(s) = 9*i(s) - p(s). Give c(h).
11
Let y(a) be the third derivative of -a**4/24 - a**3/6 + 4*a**2 + 7*a. Let d be y(9). Let q(r) = -r**3 - 10*r**2 - r - 3. Determine q(d).
7
Let u(t) = -3*t - 4. Let z = 1188 - 1190. Give u(z).
2
Let g(v) be the second derivative of -36*v**5/5 + 5*v**4/12 + v**3 + v**2 + 7*v. Let i be g(-3). Let o(u) = -u - i + 3917. What is o(5)?
-5
Let w(t) = -584879 + t**2 + 584886 + 7*t - 2*t**2. Let l(f) = 7*f**2 - f. Let h be l(1). Calculate w(h).
13
Suppose -a = -0*a - 5. Let o(g) = 2*g**2 - 29*g - 7*g**2 + 288 + 4*g**2 - 291 + 36*g. Calculate o(a).
7
Let a(d) be the second derivative of d**5/20 + d**4/6 - 7*d**3/3 + 5*d**2/2 + 16*d - 12. What is a(3)?
8
Suppose 208 = y + 4*n, -382 = -2*y + 5*n + 8. Suppose y = -17*c - 8*c. Let f(s) = -s**2 - 10*s - 20. Give f(c).
-4
Let g = -8 + 48. Let i = g - 36. Let y(j) = 7 - 3*j - 13 + 4*j - 2. What is y(i)?
-4
Let u(v) = -v**3 - v**2 + 2*v + 1. Let k be u(-2). Suppose -17 = -16*l - k. Let t(h) = 60*h**3 - 5*h**2 - 30*h**3 - 29*h**3 + l + 3. Calculate t(5).
4
Let r(w) be the second derivative of w**5/20 + 5*w**4/12 + w**3/3 - 5*w**2 + 14*w + 16. Calculate r(-4).
-2
Suppose 0 = -5*f - 3*j + 241150, f - 5*j - 16134 = 32068. Let m(o) = -f + 3*o + o + 48226. Give m(10).
39
Let r(t) = -3*t**2 + 22*t + 7. Let x = -20847 + 20857. Determine r(x).
-73
Let d(c) = 4*c**2 + 9*c + 35. Let b(n) = n**2 + n + 3. Let h(s) = -5*b(s) + d(s). Let x(y) = y**2 - 6*y - 23. Let o(u) = -3*h(u) - 2*x(u). Determine o(0).
-14
Let v(r) be the second derivative of r**4/6 - r**3/3 - r**2 + 2178*r. What is v(3)?
10
Suppose -55*n = -691 + 251. Let f(s) = 2*s**2 - 8*s - 5. Determine f(n).
59
Let k = -95 + 57. Let n = -32 - k. Let p be 13 - (n - 1) - 3. Let y(h) = h**2 - 7*h. Determine y(p).
-10
Let f = 7288 + -7296. Let o(g) = 2*g**2 + 14*g - 7. Determine o(f).
9
Let q = 19 - 59. Let v = q + 42. Let b(a) = 0*a**v + 26*a - a**3 - 28*a - a**2. What is b(-2)?
8
Let d = -52 + 57. Let w(j) = 5266 - d*j + 3*j - 3*j + 4*j - 5253. Determine w(14).
-1
Let r be ((-20)/60)/((-2)/30). Suppose 4*j - 2*l = 0, 30 = r*j + l + 4*l. Let b(f) = -4*f + f**2 + 7 + 2 - 6. Give b(j).
-1
Let t(m) = -3*m + 19. Let n = 418 + -426. Let p be n/(3 - 4) + 6/(-3). Determine t(p).
1
Let l(c) be the third derivative of 0 + 7/6*c**3 + 1/4*c**4 + 1/60*c**5 + 2*c + 3*c**2. Suppose 0 = -4*y - 8 - 12. Calculate l(y).
2
Let p(i) = -2*i + 14. Let c(q) = q - 14. Let t(g) = -3*c(g) - 2*p(g). Suppose 135*m + 1013 = -742. What is t(m)?
1
Let a(x) = -x**2 - 7*x - 3. Let q(j) = -2*j**2 - 41*j - 118. Let o(s) = 3*s**2 + 61*s + 177. Let t(y) = 5*o(y) + 7*q(y). Let p be t(-13). Calculate a(p).
3
Let v be (456/342)/(2/(-3)). Let l(q) = 18*q + 37. Determine l(v).
1
Suppose -103 = -h - 88. Suppose 65*o = 70*o + h. Let i(n) = -n**3 - n**2 + 3*n. Give i(o).
9
Let t(k) = k**3 + 4*k**2 + 3*k. Let p be (-18)/15*(-2)/(-4)*-5. Suppose -2*g - 4 = 0, -7*b = -10*b + 3*g - p. What is t(b)?
0
Let x(l) be the second derivative of l**5/20 + 5*l**4/6 - 8*l**3/3 - 37*l**2/2 + 332*l - 2. Give x(-11).
18
Let r(g) be the second derivative of g**4/12 + 2*g**3/3 - 3*g**2/2 + g. Let o(v) = 6*v + 44. Let n be o(-5). Let h be (4 - n)*2/4. Determine r(h).
2
Let g(c) = -4*c**2 - 1. Let o(q) = -q**3 - 11*q**2 - 6*q + 7. Let v(d) = -5*g(d) + o(d). Determine v(8).
28
Let t(a) = a - 1. Let k(r) = -10*r + 9. Let s(g) = -3*k(g) - 24*t(g). Let o be 6 - (4 - (-2 - -2)). Calculate s(o).
9
Let y(o) = -12*o**3 + o**2 + o + 1. Suppose -28*b = 70 - 42. What is y(b)?
13
Let b(r) = -48 + 98 + r**2 + 31*r - 41 - 32*r. Suppose -2*l = -0*l. What is b(l)?
9
Let s = -260 + 260. Let o(t) = t**3 + 2*t + 16. Let b(m) = 3*m**3 - 2*m + 0*m**3 + 9*m + 48. Let j(g) = 2*b(g) - 7*o(g). Calculate j(s).
-16
Let q(k) = 77*k - 44*k - 35*k - 8. Give q(-9).
10
Suppose -4*b = 5*v - 66, -3*b + 12 = -3*v - 24. Let g(m) = -8*m + 4*m + 2*m + 4*m + b. Give g(-9).
-4
Suppose 193*f - 2480 = -55*f. Let d(a) be the first derivative of -a**3/3 + 11*a**2/2 - 12*a - 1. Determine d(f).
-2
Let y(t) be the first derivative of 28*t**2 + 1393*t + 6278. Give y(-25).
-7
Let w be -2*1 + 204/(-1938)*-19*1. Let c(h) = -h**2 + 7*h - 7. Determine c(w).
-7
Let o(y) be the second derivative of y**5/10 - y**4/12 - y**3/2 + 3*y**2/2 - 1670*y. Calculate o(2).
9
Let f be 10/(-60) + ((-15995)/(-6))/(-7). Let j = f + 387. Let n(v) = -v**3 + 6*v**2 + v - 8. Calculate n(j).
-2
Let w(l) = l**3 - 3*l**2 + 4 - 2 - 3. Suppose 2029 = 15*k + 439. Let n = k - 103. Calculate w(n).
-1
Let v be ((-28)/12 + 0)/(29/261). Let x(w) = w**3 + 19*w**2 - 42*w + 16. Calculate x(v).
16
Let h(r) = 2*r + 1. Let p(m) = 8*m + 9. Let t(d) = -6*h(d) + p(d). Suppose 0 = 5*g - 46 + 11. Let i(s) = -s + 9. Let f be i(g). Give t(f).
-5
Let p = 1427 - 1422. Let s(h) be the second derivative of 0 - p*h**2 + 17*h + 1/6*h**3. Give s(8).
-2
Suppose -3*h = r - 3, -9 = -3*r + 7*h - 8*h. Let j(n) be the third derivative of -1/6*n**r + 0 + 0*n + 1/6*n**5 + 16*n**2 - 1/12*n**4. What is j(-1)?
11
Let g = -149 + 158. Let v be (-5 + g - -5) + (-3 - 1). Let h(m) = m**3 - 5*m**2 - 2*m + 7. What is h(v)?
-3
Let r be 3/15 - (-6 - 147/(-35)). Let d(y) = r*y + y - 37 + 39. Calculate d(-2).
-4
Let k(d) = 2*d + 8. Let t be (-1628)/132 + 2/6. Give k(t).
-16
Let r(n) = -367*n + 13*n**2 + 782*n - 4 - 402*n - 8 - n**3. Calculate r(14).
-26
Let n be -3 - (5/(-20) + -4 + 3/4). Let m(s) be the first derivative of 4*s + n*s**2 + 1/3*s**3 + 3 - 1/4*s**4. Calculate m(0).
4
Let t(w) = 51*w + 53. Let s be t(-1). Let y(l) = 3*l**2 - l + 3. What is y(s)?
13
Let f(p) = 1 + p**3 - p + p - 2*p - 5*p**2. Suppose 20*n - 54 - 48 = -2. Determine f(n).
-9
Let f(a) = -3*a - 3*a**3 + 2 - 1 + a**2 + 2*a**3 + 4*a. Suppose 17*t - 1885 + 508 = 0. Suppose -62*x + t*x = 38. What is f(x)?
-1
Let l(x) = -20128 + 31*x - 20109 + x**2 + 40321. Calculate l(-28).
0
Let j(k) be the first derivative of 3*k + 10 - 1/3*k**3 - k**2. Suppose -10*s + 16 = -14*s. Give j(s).
-5
Let u(m) = m**3 + 4*m**2 + 2*m + 2. Let c(v) = v**3 - 8*v**2 - 109*v - 13. Let x be c(16). Let y = 287 - x. Give u(y).
-6
Let c(m) be the first derivative of -m**2/2 - 6*m - 97. Let a(v) = v - 2. Let y be a(6). Suppose y*j = -j + 30. Determine c(j).
-12
Let l = -4755 - -4759. Let k(g) be the third derivative of -15*g**2 - 5/24*g**l + 0*g - 1/3*g**3 + 0 + 1/60*g**5. Calculate k(6).
4
Let h = 75 + -70. Suppose 4*c - h*c - 2*z + 12 = 0, 3*c + z - 26 = 0. Suppose 36*y - c = 40*y. Let a(w) = 5*w + 3. Calculate a(y).
-7
Let x(a) = -2*a + 9779*a**2 - 4*a + 0*a + a - 9783*a**2. Determine x(2).
-26
Let l(f) = f**3 + 14*f**2 + 9*f - 44. Suppose 0 = u + 4*g